 the prime factors of 723389932.
2, 229, 277, 2851
What are the prime factors of 149343409?
149343409
List the prime factors of 341011.
11, 29, 1069
List the prime factors of 27924568.
2, 7, 498653
What are the prime factors of 8529399?
3, 947711
What are the prime factors of 23618374?
2, 13, 163, 5573
What are the prime factors of 152950143?
3, 50983381
What are the prime factors of 24194367?
3, 23, 116881
List the prime factors of 2217354077.
23, 131, 373, 1973
What are the prime factors of 2720030149?
1097, 1321, 1877
What are the prime factors of 116051306?
2, 7, 167, 1013
What are the prime factors of 90258176?
2, 271, 1301
What are the prime factors of 4369226778?
2, 3, 7, 251, 46051
List the prime factors of 68033233.
3541, 19213
What are the prime factors of 1017577505?
5, 7, 277, 104959
List the prime factors of 204037528.
2, 47, 71, 7643
List the prime factors of 493170722.
2, 11, 131, 211, 811
List the prime factors of 29380329.
3, 11, 296771
List the prime factors of 115419939.
3, 38473313
What are the prime factors of 2207862182?
2, 17, 61, 107, 9949
What are the prime factors of 62023903?
317, 195659
What are the prime factors of 107592602?
2, 13, 149, 27773
What are the prime factors of 1557924403?
7, 9767, 22787
What are the prime factors of 2352921851?
7, 109, 1439, 2143
List the prime factors of 4423612833.
3, 491512537
List the prime factors of 260451218.
2, 23, 443, 12781
What are the prime factors of 9455146808?
2, 277, 727, 5869
List the prime factors of 34494146.
2, 47, 67, 5477
What are the prime factors of 45945673?
727, 63199
What are the prime factors of 300252625?
5, 89, 137, 197
What are the prime factors of 828182326?
2, 414091163
List the prime factors of 964924456.
2, 120615557
What are the prime factors of 1317254885?
5, 4409, 59753
List the prime factors of 788893477.
788893477
What are the prime factors of 188094031?
5449, 34519
What are the prime factors of 766165725?
3, 5, 13, 20149
What are the prime factors of 158724244?
2, 7, 1583, 3581
List the prime factors of 20648699.
20648699
What are the prime factors of 84241122?
2, 3, 7, 61, 131, 251
List the prime factors of 6579419819.
7, 31, 30319907
What are the prime factors of 549345282?
2, 3, 91557547
What are the prime factors of 4398270870?
2, 3, 5, 7, 863, 3467
What are the prime factors of 388623296?
2, 163, 37253
List the prime factors of 2217206114.
2, 1108603057
List the prime factors of 42180555.
3, 5, 37, 76001
List the prime factors of 67438190.
2, 5, 43, 156833
What are the prime factors of 16444238?
2, 8222119
List the prime factors of 3441506957.
7, 491643851
List the prime factors of 559809098.
2, 23, 29, 31, 13537
List the prime factors of 97079636.
2, 41, 277, 2137
List the prime factors of 21904368.
2, 3, 61, 7481
List the prime factors of 34623795.
3, 5, 19, 121487
List the prime factors of 105173503.
23, 4572761
List the prime factors of 639748259.
19, 33670961
List the prime factors of 311872996.
2, 8363, 9323
What are the prime factors of 85515740?
2, 5, 4275787
What are the prime factors of 213488432?
2, 59, 139, 1627
What are the prime factors of 793289432?
2, 13, 29, 83, 3169
List the prime factors of 3484388858.
2, 53, 32871593
What are the prime factors of 185766039?
3, 41, 503431
List the prime factors of 35768281.
29, 107, 11527
List the prime factors of 6498905564.
2, 24049, 67559
List the prime factors of 11471850.
2, 3, 5, 13, 37, 53
What are the prime factors of 601244752?
2, 31, 1212187
List the prime factors of 14150309.
14150309
What are the prime factors of 219530369?
587, 373987
What are the prime factors of 1777079197?
29, 137, 433, 1033
List the prime factors of 1080486862.
2, 7, 13, 83, 71527
List the prime factors of 73814697.
3, 11, 17, 61, 719
What are the prime factors of 223024637?
11, 20274967
What are the prime factors of 45874759?
7, 19, 131, 2633
List the prime factors of 140114376.
2, 3, 1946033
What are the prime factors of 2065799?
2065799
List the prime factors of 3600449315.
5, 12437, 57899
What are the prime factors of 54806528?
2, 7, 3823
What are the prime factors of 182429597?
7, 3723053
What are the prime factors of 10773284?
2, 2693321
List the prime factors of 564079848.
2, 3, 43, 53, 10313
List the prime factors of 56586842.
2, 13, 31, 70207
List the prime factors of 505875711.
3, 11, 47, 149, 199
What are the prime factors of 1099408669?
853, 1288873
What are the prime factors of 52092033?
3, 7, 23, 29, 3719
List the prime factors of 1100655900.
2, 3, 5, 67, 18253
List the prime factors of 518056124.
2, 129514031
List the prime factors of 64702384.
2, 4043899
What are the prime factors of 1479452164?
2, 73, 331, 15307
What are the prime factors of 457948531?
20747, 22073
What are the prime factors of 752498387?
17, 44264611
What are the prime factors of 39621712?
2, 13, 14653
List the prime factors of 24567168.
2, 3, 63977
What are the prime factors of 79209634?
2, 7, 5657831
List the prime factors of 1930990682.
2, 31, 31145011
List the prime factors of 2975670561.
3, 277, 3580831
List the prime factors of 3305416731.
3, 643, 727, 2357
What are the prime factors of 6954333746?
2, 277, 12552949
List the prime factors of 153847050.
2, 3, 5, 7, 146521
List the prime factors of 2866642615.
5, 6553, 87491
List the prime factors of 721244202.
2, 3, 7, 31, 41, 59, 229
List the prime factors of 58082021.
58082021
What are the prime factors of 61210162?
2, 13, 691, 3407
List the prime factors of 10176386.
2, 11, 61, 7583
What are the prime factors of 633618121?
1913, 331217
List the prime factors of 731473827.
3, 7, 34832087
What are the prime factors of 502227658?
2, 683, 367663
What are the prime factors of 487487339?
1549, 314711
What are the prime factors of 3365968940?
2, 5, 19, 983, 9011
What are the prime factors of 124400248?
2, 7, 2221433
List the prime factors of 1496275195.
5, 299255039
What are the prime factors of 92085752?
2, 11, 1013, 1033
What are the prime factors of 726428493?
3, 7, 349, 3671
List the prime factors of 1513649305.
5, 7, 1049, 41227
List the prime factors of 925879796.
2, 587, 394327
List the prime factors of 1700159279.
7, 13, 1867, 10007
What are the prime factors of 318307715?
5, 11, 43, 134591
List the prime factors of 94508448.
2, 3, 29, 83, 409
List the prime factors of 94630482.
2, 3, 887, 5927
What are the prime factors of 143394230?
2, 5, 7, 271, 7559
What are the prime factors of 390807437?
193, 2024909
What are the prime factors of 815773028?
2, 7, 29134751
List the prime factors of 1202266608.
2, 3, 25047221
What are the prime factors of 278116173?
3, 1144511
List the prime factors of 8499792721.
7, 89, 1123, 12149
List the prime factors of 152575940.
2, 5, 11, 693527
List the prime factors of 3647702121.
3, 7, 17, 10217653
List the prime factors of 222159014.
2, 7, 11, 1442591
What are the prime factors of 22886352?
2, 3, 17, 9349
List the prime factors of 34877162.
2, 37, 471313
List the prime factors of 353403030.
2, 3, 5, 11780101
List the prime factors of 502317508.
2, 7, 11, 883, 1847
What are the prime factors of 225385673?
439, 513407
What are the prime factors of 2228157089?
2228157089
What are the prime factors of 2124054392?
2, 17, 1109, 14083
What are the prime factors of 1427225646?
2, 3, 7, 11, 441319
What are the prime factors of 20294628?
2, 3, 1691219
What are the prime factors of 643211434?
2, 321605717
List the prime factors of 2104013.
2104013
What are the prime factors of 5584534049?
107, 499, 104593
What are the prime factors of 7025754971?
61, 137, 840703
What are the prime factors of 1052213530?
2, 5, 105221353
What are the prime factors of 603505886?
2, 3221, 93683
List the prime factors of 215512922.
2, 113, 607, 1571
List the prime factors of 150600490.
2, 5, 2879, 5231
What are the prime factors of 511693075?
5, 23, 889901
List the prime factors of 921918087.
3, 41, 2498423
What are the prime factors of 12432585?
3, 5, 11, 151, 499
What are the prime factors of 4849963360?
2, 5, 11, 2755661
List the prime factors of 2419620.
2, 3, 5, 7, 823
What are the prime factors of 236991120?
2, 3, 5, 987463
List the prime factors of 2864946309.
3, 23, 41520961
List the prime factors of 86855964.
2, 3, 13, 556769
What are the prime facto